{"id":83,"date":"2019-12-18T19:39:05","date_gmt":"2019-12-18T18:39:05","guid":{"rendered":"https:\/\/c2gconcept.wordpress.com\/?page_id=83"},"modified":"2020-09-18T08:10:19","modified_gmt":"2020-09-18T06:10:19","slug":"qui-sommes-nous","status":"publish","type":"page","link":"https:\/\/c2gconcept.com\/index.php\/qui-sommes-nous\/","title":{"rendered":"Qui sommes-nous"},"content":{"rendered":"\n<div class=\"is-layout-flow wp-block-group\"><div class=\"wp-block-group__inner-container\">\n<div class=\"wp-block-image\"><figure class=\"alignright size-large is-resized\"><img decoding=\"async\" loading=\"lazy\" src=\"http:\/\/c2gconcept.com\/wp-content\/uploads\/2019\/12\/test-site-construction-768x1024.jpeg\" alt=\"\" class=\"wp-image-24\" width=\"320\" height=\"426\" srcset=\"https:\/\/c2gconcept.com\/wp-content\/uploads\/2019\/12\/test-site-construction-768x1024.jpeg 768w, https:\/\/c2gconcept.com\/wp-content\/uploads\/2019\/12\/test-site-construction-225x300.jpeg 225w, https:\/\/c2gconcept.com\/wp-content\/uploads\/2019\/12\/test-site-construction-1568x2091.jpeg 1568w\" sizes=\"(max-width: 320px) 100vw, 320px\" \/><\/figure><\/div>\n\n\n\n<div class=\"is-layout-flow wp-block-group\"><div class=\"wp-block-group__inner-container\">\n<p>Fabricant, constructeur, promoteur, nous r\u00e9alisons votre projet d&#8217;habitat \u00e0 partir de modules containers maritimes que nous am\u00e9nageons dans notre usine, pour \u00eatre transport\u00e9 et livr\u00e9 sur votre terrain dans des d\u00e9lais records.<\/p>\n<\/div><\/div>\n\n\n\n<p><\/p>\n\n\n\n<p><\/p>\n<\/div><\/div>\n\n\n\n<div class=\"wp-block-image\"><figure class=\"alignleft size-large is-resized\"><img decoding=\"async\" loading=\"lazy\" src=\"https:\/\/c2gconcept.com\/wp-content\/uploads\/2020\/09\/IMG-20200817-WA0053-2.jpg\" alt=\"\" class=\"wp-image-4422\" width=\"530\" height=\"387\" srcset=\"https:\/\/c2gconcept.com\/wp-content\/uploads\/2020\/09\/IMG-20200817-WA0053-2.jpg 706w, https:\/\/c2gconcept.com\/wp-content\/uploads\/2020\/09\/IMG-20200817-WA0053-2-300x219.jpg 300w\" sizes=\"(max-width: 530px) 100vw, 530px\" \/><\/figure><\/div>\n\n\n\n<p>Cr\u00e9atif, modulaire, rapidit\u00e9 de construction, respect des normes thermiques, qualit\u00e9s environnementales, \u00e9cologique et surtout \u00e9conomique, notre volont\u00e9 est de construire ensemble l&#8217;habitat de demain.  Notre souhait est de vous offrir la construction d&#8217;un habitat accessible pour tous en vous proposant encore plus d&#8217;avantages qu&#8217;une construction de type traditionnelle gr\u00e2ce \u00e0 notre proc\u00e9d\u00e9 industriel qui r\u00e9duit consid\u00e9rablement les co\u00fbts de construction en vous proposant l&#8217;habitat le moins cher du march\u00e9 avec des d\u00e9lais de mise en \u0153uvre inf\u00e9rieur \u00e0 4 mois. <\/p>\n","protected":false},"excerpt":{"rendered":"<p>Fabricant, constructeur, promoteur, nous r\u00e9alisons votre projet d&#8217;habitat \u00e0 partir de modules containers maritimes que nous am\u00e9nageons dans notre usine, pour \u00eatre transport\u00e9 et livr\u00e9 sur votre terrain dans des d\u00e9lais records. Cr\u00e9atif, modulaire, rapidit\u00e9 de construction, respect des normes thermiques, qualit\u00e9s environnementales, \u00e9cologique et surtout \u00e9conomique, notre volont\u00e9 est de construire ensemble l&#8217;habitat de<a class=\"more-link\" href=\"https:\/\/c2gconcept.com\/index.php\/qui-sommes-nous\/\">Continue reading <span class=\"screen-reader-text\">&#8220;Qui sommes-nous&#8221;<\/span><\/a><\/p>\n","protected":false},"author":2,"featured_media":0,"parent":0,"menu_order":0,"comment_status":"closed","ping_status":"closed","template":"","meta":{"om_disable_all_campaigns":false,"_mi_skip_tracking":false},"aioseo_notices":[],"yoast_head":"<!-- This site is optimized with the Yoast SEO plugin v21.1 - https:\/\/yoast.com\/wordpress\/plugins\/seo\/ -->\n<title>Qui sommes-nous -<\/title>\n<meta name=\"robots\" content=\"index, follow, max-snippet:-1, max-image-preview:large, max-video-preview:-1\" \/>\n<link rel=\"canonical\" href=\"http:\/\/c2gconcept.com\/index.php\/qui-sommes-nous\/\" \/>\n<meta property=\"og:locale\" content=\"en_US\" \/>\n<meta property=\"og:type\" content=\"article\" \/>\n<meta property=\"og:title\" content=\"Qui sommes-nous -\" \/>\n<meta property=\"og:description\" content=\"Fabricant, constructeur, promoteur, nous r\u00e9alisons votre projet d&#8217;habitat \u00e0 partir de modules containers maritimes que nous am\u00e9nageons dans notre usine, pour \u00eatre transport\u00e9 et livr\u00e9 sur votre terrain dans des d\u00e9lais records. Cr\u00e9atif, modulaire, rapidit\u00e9 de construction, respect des normes thermiques, qualit\u00e9s environnementales, \u00e9cologique et surtout \u00e9conomique, notre volont\u00e9 est de construire ensemble l&#8217;habitat deContinue reading &quot;Qui sommes-nous&quot;\" \/>\n<meta property=\"og:url\" content=\"http:\/\/c2gconcept.com\/index.php\/qui-sommes-nous\/\" \/>\n<meta property=\"article:publisher\" content=\"https:\/\/www.facebook.com\/c2gconcept\/\" \/>\n<meta property=\"article:modified_time\" content=\"2020-09-18T06:10:19+00:00\" \/>\n<meta property=\"og:image\" content=\"http:\/\/c2gconcept.com\/wp-content\/uploads\/2019\/12\/test-site-construction-768x1024.jpeg\" \/>\n<meta name=\"twitter:card\" content=\"summary_large_image\" \/>\n<meta name=\"twitter:label1\" content=\"Est. reading time\" \/>\n\t<meta name=\"twitter:data1\" content=\"1 minute\" \/>\n<script type=\"application\/ld+json\" class=\"yoast-schema-graph\">{\"@context\":\"https:\/\/schema.org\",\"@graph\":[{\"@type\":\"WebPage\",\"@id\":\"http:\/\/c2gconcept.com\/index.php\/qui-sommes-nous\/\",\"url\":\"http:\/\/c2gconcept.com\/index.php\/qui-sommes-nous\/\",\"name\":\"Qui sommes-nous -\",\"isPartOf\":{\"@id\":\"https:\/\/c2gconcept.com\/#website\"},\"datePublished\":\"2019-12-18T18:39:05+00:00\",\"dateModified\":\"2020-09-18T06:10:19+00:00\",\"breadcrumb\":{\"@id\":\"http:\/\/c2gconcept.com\/index.php\/qui-sommes-nous\/#breadcrumb\"},\"inLanguage\":\"en-US\",\"potentialAction\":[{\"@type\":\"ReadAction\",\"target\":[\"http:\/\/c2gconcept.com\/index.php\/qui-sommes-nous\/\"]}]},{\"@type\":\"BreadcrumbList\",\"@id\":\"http:\/\/c2gconcept.com\/index.php\/qui-sommes-nous\/#breadcrumb\",\"itemListElement\":[{\"@type\":\"ListItem\",\"position\":1,\"name\":\"Accueil\",\"item\":\"https:\/\/c2gconcept.com\/\"},{\"@type\":\"ListItem\",\"position\":2,\"name\":\"Qui sommes-nous\"}]},{\"@type\":\"WebSite\",\"@id\":\"https:\/\/c2gconcept.com\/#website\",\"url\":\"https:\/\/c2gconcept.com\/\",\"name\":\"C2GConcept.com\",\"description\":\"\",\"publisher\":{\"@id\":\"https:\/\/c2gconcept.com\/#organization\"},\"potentialAction\":[{\"@type\":\"SearchAction\",\"target\":{\"@type\":\"EntryPoint\",\"urlTemplate\":\"https:\/\/c2gconcept.com\/?s={search_term_string}\"},\"query-input\":\"required name=search_term_string\"}],\"inLanguage\":\"en-US\"},{\"@type\":\"Organization\",\"@id\":\"https:\/\/c2gconcept.com\/#organization\",\"name\":\"C2Gconcept\",\"url\":\"https:\/\/c2gconcept.com\/\",\"logo\":{\"@type\":\"ImageObject\",\"inLanguage\":\"en-US\",\"@id\":\"https:\/\/c2gconcept.com\/#\/schema\/logo\/image\/\",\"url\":\"https:\/\/c2gconcept.com\/wp-content\/uploads\/2020\/10\/cropped-Logo-DFE-scaled-1.jpg\",\"contentUrl\":\"https:\/\/c2gconcept.com\/wp-content\/uploads\/2020\/10\/cropped-Logo-DFE-scaled-1.jpg\",\"width\":2560,\"height\":1396,\"caption\":\"C2Gconcept\"},\"image\":{\"@id\":\"https:\/\/c2gconcept.com\/#\/schema\/logo\/image\/\"},\"sameAs\":[\"https:\/\/www.facebook.com\/c2gconcept\/\"]}]}<\/script>\n<!-- \/ Yoast SEO plugin. -->","yoast_head_json":{"title":"Qui sommes-nous -","robots":{"index":"index","follow":"follow","max-snippet":"max-snippet:-1","max-image-preview":"max-image-preview:large","max-video-preview":"max-video-preview:-1"},"canonical":"http:\/\/c2gconcept.com\/index.php\/qui-sommes-nous\/","og_locale":"en_US","og_type":"article","og_title":"Qui sommes-nous -","og_description":"Fabricant, constructeur, promoteur, nous r\u00e9alisons votre projet d&#8217;habitat \u00e0 partir de modules containers maritimes que nous am\u00e9nageons dans notre usine, pour \u00eatre transport\u00e9 et livr\u00e9 sur votre terrain dans des d\u00e9lais records. Cr\u00e9atif, modulaire, rapidit\u00e9 de construction, respect des normes thermiques, qualit\u00e9s environnementales, \u00e9cologique et surtout \u00e9conomique, notre volont\u00e9 est de construire ensemble l&#8217;habitat deContinue reading \"Qui sommes-nous\"","og_url":"http:\/\/c2gconcept.com\/index.php\/qui-sommes-nous\/","article_publisher":"https:\/\/www.facebook.com\/c2gconcept\/","article_modified_time":"2020-09-18T06:10:19+00:00","og_image":[{"url":"http:\/\/c2gconcept.com\/wp-content\/uploads\/2019\/12\/test-site-construction-768x1024.jpeg"}],"twitter_card":"summary_large_image","twitter_misc":{"Est. reading time":"1 minute"},"schema":{"@context":"https:\/\/schema.org","@graph":[{"@type":"WebPage","@id":"http:\/\/c2gconcept.com\/index.php\/qui-sommes-nous\/","url":"http:\/\/c2gconcept.com\/index.php\/qui-sommes-nous\/","name":"Qui sommes-nous -","isPartOf":{"@id":"https:\/\/c2gconcept.com\/#website"},"datePublished":"2019-12-18T18:39:05+00:00","dateModified":"2020-09-18T06:10:19+00:00","breadcrumb":{"@id":"http:\/\/c2gconcept.com\/index.php\/qui-sommes-nous\/#breadcrumb"},"inLanguage":"en-US","potentialAction":[{"@type":"ReadAction","target":["http:\/\/c2gconcept.com\/index.php\/qui-sommes-nous\/"]}]},{"@type":"BreadcrumbList","@id":"http:\/\/c2gconcept.com\/index.php\/qui-sommes-nous\/#breadcrumb","itemListElement":[{"@type":"ListItem","position":1,"name":"Accueil","item":"https:\/\/c2gconcept.com\/"},{"@type":"ListItem","position":2,"name":"Qui sommes-nous"}]},{"@type":"WebSite","@id":"https:\/\/c2gconcept.com\/#website","url":"https:\/\/c2gconcept.com\/","name":"C2GConcept.com","description":"","publisher":{"@id":"https:\/\/c2gconcept.com\/#organization"},"potentialAction":[{"@type":"SearchAction","target":{"@type":"EntryPoint","urlTemplate":"https:\/\/c2gconcept.com\/?s={search_term_string}"},"query-input":"required name=search_term_string"}],"inLanguage":"en-US"},{"@type":"Organization","@id":"https:\/\/c2gconcept.com\/#organization","name":"C2Gconcept","url":"https:\/\/c2gconcept.com\/","logo":{"@type":"ImageObject","inLanguage":"en-US","@id":"https:\/\/c2gconcept.com\/#\/schema\/logo\/image\/","url":"https:\/\/c2gconcept.com\/wp-content\/uploads\/2020\/10\/cropped-Logo-DFE-scaled-1.jpg","contentUrl":"https:\/\/c2gconcept.com\/wp-content\/uploads\/2020\/10\/cropped-Logo-DFE-scaled-1.jpg","width":2560,"height":1396,"caption":"C2Gconcept"},"image":{"@id":"https:\/\/c2gconcept.com\/#\/schema\/logo\/image\/"},"sameAs":["https:\/\/www.facebook.com\/c2gconcept\/"]}]}},"_links":{"self":[{"href":"https:\/\/c2gconcept.com\/index.php\/wp-json\/wp\/v2\/pages\/83"}],"collection":[{"href":"https:\/\/c2gconcept.com\/index.php\/wp-json\/wp\/v2\/pages"}],"about":[{"href":"https:\/\/c2gconcept.com\/index.php\/wp-json\/wp\/v2\/types\/page"}],"author":[{"embeddable":true,"href":"https:\/\/c2gconcept.com\/index.php\/wp-json\/wp\/v2\/users\/2"}],"replies":[{"embeddable":true,"href":"https:\/\/c2gconcept.com\/index.php\/wp-json\/wp\/v2\/comments?post=83"}],"version-history":[{"count":4,"href":"https:\/\/c2gconcept.com\/index.php\/wp-json\/wp\/v2\/pages\/83\/revisions"}],"predecessor-version":[{"id":4423,"href":"https:\/\/c2gconcept.com\/index.php\/wp-json\/wp\/v2\/pages\/83\/revisions\/4423"}],"wp:attachment":[{"href":"https:\/\/c2gconcept.com\/index.php\/wp-json\/wp\/v2\/media?parent=83"}],"curies":[{"name":"wp","href":"https:\/\/api.w.org\/{rel}","templated":true}]}}