{"id":72,"date":"2019-12-18T19:32:34","date_gmt":"2019-12-18T18:32:34","guid":{"rendered":"https:\/\/c2gconcept.wordpress.com\/?page_id=71"},"modified":"2020-10-27T11:43:15","modified_gmt":"2020-10-27T10:43:15","slug":"wsp-20","status":"publish","type":"page","link":"https:\/\/c2gconcept.com\/index.php\/wsp-20\/","title":{"rendered":"WSP20"},"content":{"rendered":"\n<figure class=\"wp-block-image size-large\"><img decoding=\"async\" loading=\"lazy\" width=\"1024\" height=\"576\" src=\"http:\/\/c2gconcept.com\/wp-content\/uploads\/2020\/10\/OFFICE-WOOD-OPTON-WITH-LOGO-1024x576.png\" alt=\"\" class=\"wp-image-4445\" srcset=\"https:\/\/c2gconcept.com\/wp-content\/uploads\/2020\/10\/OFFICE-WOOD-OPTON-WITH-LOGO-1024x576.png 1024w, https:\/\/c2gconcept.com\/wp-content\/uploads\/2020\/10\/OFFICE-WOOD-OPTON-WITH-LOGO-300x169.png 300w, https:\/\/c2gconcept.com\/wp-content\/uploads\/2020\/10\/OFFICE-WOOD-OPTON-WITH-LOGO-768x432.png 768w, https:\/\/c2gconcept.com\/wp-content\/uploads\/2020\/10\/OFFICE-WOOD-OPTON-WITH-LOGO-1536x864.png 1536w, https:\/\/c2gconcept.com\/wp-content\/uploads\/2020\/10\/OFFICE-WOOD-OPTON-WITH-LOGO-2048x1152.png 2048w, https:\/\/c2gconcept.com\/wp-content\/uploads\/2020\/10\/OFFICE-WOOD-OPTON-WITH-LOGO-1568x882.png 1568w\" sizes=\"(max-width: 1024px) 100vw, 1024px\" \/><\/figure>\n\n\n\n<p><strong><em>Working Space 20<\/em><\/strong>&nbsp;<\/p>\n\n\n\n<p>Confortable espace de travail, avec une immense fen\u00eatre coulissante.&nbsp;Vous pouvez y travailler, recevoir vos clients ou organiser vos r\u00e9unions.&nbsp;O\u00f9 vous voulez.&nbsp;La seule limite est votre imagination \u2026 <\/p>\n\n\n\n<p>WSP20 est une surface de travail pr\u00e9fabriqu\u00e9e et fournie \u00ab cl\u00e9 sur porte \u00bb. C\u2019est \u00e0 dire comprenant:<\/p>\n\n\n\n<ul><li>Des sanitaires compos\u00e9 d\u2019un lavabo, un WC et un chauffe eau instantan\u00e9.<\/li><li>grande surface vitr\u00e9e \u00e9largissant optiquement la surface utile,<br><\/li><\/ul>\n\n\n\n<p>Working Space 20 est, dans cette version de base, constitu\u00e9 d\u2019un seul \u00e9l\u00e9ment et destin\u00e9 \u00e0 servir de bureau ou cabinet pour profession lib\u00e9rale.  par exemple dans les cas suivants:<\/p>\n\n\n\n<ul><li>mobilit\u00e9 facilit\u00e9e par les petites dimensions (longueur 6,05 m largeur 2,44 m hauteur 2,89 m),<\/li><li>Le si\u00e8ge social pour votre soci\u00e9t\u00e9.<\/li><li>Cabinet m\u00e9dical \u00e0 c\u00f4t\u00e9 de votre domicile.<\/li><li>pas de fondation, pas de permis de construire,<\/li><\/ul>\n\n\n\n<figure class=\"is-layout-flex wp-block-gallery-1 wp-block-gallery columns-1 is-cropped\"><ul class=\"blocks-gallery-grid\"><li class=\"blocks-gallery-item\"><figure><img decoding=\"async\" loading=\"lazy\" width=\"659\" height=\"390\" src=\"http:\/\/c2gconcept.com\/wp-content\/uploads\/2020\/04\/1-4-2020_12-9-5_960_540-2.jpg\" alt=\"\" data-id=\"4400\" data-full-url=\"http:\/\/c2gconcept.com\/wp-content\/uploads\/2020\/04\/1-4-2020_12-9-5_960_540-2.jpg\" data-link=\"http:\/\/c2gconcept.com\/index.php\/wsp-20\/1-4-2020_12-9-5_960_540-2\/\" class=\"wp-image-4400\" srcset=\"https:\/\/c2gconcept.com\/wp-content\/uploads\/2020\/04\/1-4-2020_12-9-5_960_540-2.jpg 659w, https:\/\/c2gconcept.com\/wp-content\/uploads\/2020\/04\/1-4-2020_12-9-5_960_540-2-300x178.jpg 300w\" sizes=\"(max-width: 659px) 100vw, 659px\" \/><\/figure><\/li><\/ul><\/figure>\n\n\n\n<p>Les fonctionnalit\u00e9s les plus importantes de WSP20:<\/p>\n\n\n\n<ul><li>Surface int\u00e9rieurs: 14\u00a0m\u00b2<\/li><li>Dimensions ext\u00e9rieures: L 6,05m\/L 2,44m\/H 2,89m<\/li><li><strong>EQUIPEMENT<\/strong>\u00a0<\/li><li><strong>Salle d&#8217;eau :\u00a0<\/strong>Livr\u00e9e am\u00e9nag\u00e9e avec meuble vasque (3 univers aux choix)<\/li><li><strong>Chauffage :\u00a0<\/strong>Pompe \u00e0 chaleur Air\/Air<\/li><li><strong>Eau chaude sanitaire :\u00a0<\/strong>Ballon\u00a0ou chauffe-eau instantan\u00e9<\/li><li><strong>Wc :\u00a0<\/strong>Pos\u00e9 ou suspendus<\/li><li><strong>Sol :<\/strong> Parquets \/ Vinyl, livr\u00e9s pos\u00e9s (plusieurs choix dans les options)<\/li><li><strong>Murs :\u00a0<\/strong>Plaque de pl\u00e2tre &#8211; plafonnage.<\/li><li><strong>Panneaux solaires :\u00a0<\/strong>Sur demande.<\/li><li><strong>Vitrages :\u00a0<\/strong>Triple vitrage &#8211; Oscillo-battants ou coulissants.<\/li><li><strong>Menuiseries :\u00a0<\/strong>PVC ou aluminium, couleur au choix.<\/li><\/ul>\n\n\n\n<p>Si vous aimez nos projets, souhaitez en savoir plus ou avez besoin d\u2019une offre individuelle, contactez-nous!<\/p>\n","protected":false},"excerpt":{"rendered":"<p>Working Space 20&nbsp; Confortable espace de travail, avec une immense fen\u00eatre coulissante.&nbsp;Vous pouvez y travailler, recevoir vos clients ou organiser vos r\u00e9unions.&nbsp;O\u00f9 vous voulez.&nbsp;La seule limite est votre imagination \u2026 WSP20 est une surface de travail pr\u00e9fabriqu\u00e9e et fournie \u00ab cl\u00e9 sur porte \u00bb. C\u2019est \u00e0 dire comprenant: Des sanitaires compos\u00e9 d\u2019un lavabo, un WC<a class=\"more-link\" href=\"https:\/\/c2gconcept.com\/index.php\/wsp-20\/\">Continue reading <span class=\"screen-reader-text\">&#8220;WSP20&#8221;<\/span><\/a><\/p>\n","protected":false},"author":2,"featured_media":0,"parent":0,"menu_order":0,"comment_status":"closed","ping_status":"closed","template":"","meta":{"om_disable_all_campaigns":false,"_mi_skip_tracking":false},"aioseo_notices":[],"yoast_head":"<!-- This site is optimized with the Yoast SEO plugin v21.1 - https:\/\/yoast.com\/wordpress\/plugins\/seo\/ -->\n<title>WSP20 -<\/title>\n<meta name=\"robots\" content=\"index, follow, max-snippet:-1, max-image-preview:large, max-video-preview:-1\" \/>\n<link rel=\"canonical\" href=\"http:\/\/c2gconcept.com\/index.php\/wsp-20\/\" \/>\n<meta property=\"og:locale\" content=\"en_US\" \/>\n<meta property=\"og:type\" content=\"article\" \/>\n<meta property=\"og:title\" content=\"WSP20 -\" \/>\n<meta property=\"og:description\" content=\"Working Space 20&nbsp; Confortable espace de travail, avec une immense fen\u00eatre coulissante.&nbsp;Vous pouvez y travailler, recevoir vos clients ou organiser vos r\u00e9unions.&nbsp;O\u00f9 vous voulez.&nbsp;La seule limite est votre imagination \u2026 WSP20 est une surface de travail pr\u00e9fabriqu\u00e9e et fournie \u00ab cl\u00e9 sur porte \u00bb. C\u2019est \u00e0 dire comprenant: Des sanitaires compos\u00e9 d\u2019un lavabo, un WCContinue reading &quot;WSP20&quot;\" \/>\n<meta property=\"og:url\" content=\"http:\/\/c2gconcept.com\/index.php\/wsp-20\/\" \/>\n<meta property=\"article:publisher\" content=\"https:\/\/www.facebook.com\/c2gconcept\/\" \/>\n<meta property=\"article:modified_time\" content=\"2020-10-27T10:43:15+00:00\" \/>\n<meta property=\"og:image\" content=\"http:\/\/c2gconcept.com\/wp-content\/uploads\/2020\/10\/OFFICE-WOOD-OPTON-WITH-LOGO-1024x576.png\" \/>\n<meta name=\"twitter:card\" content=\"summary_large_image\" \/>\n<meta name=\"twitter:label1\" content=\"Est. reading time\" \/>\n\t<meta name=\"twitter:data1\" content=\"1 minute\" \/>\n<script type=\"application\/ld+json\" class=\"yoast-schema-graph\">{\"@context\":\"https:\/\/schema.org\",\"@graph\":[{\"@type\":\"WebPage\",\"@id\":\"http:\/\/c2gconcept.com\/index.php\/wsp-20\/\",\"url\":\"http:\/\/c2gconcept.com\/index.php\/wsp-20\/\",\"name\":\"WSP20 -\",\"isPartOf\":{\"@id\":\"https:\/\/c2gconcept.com\/#website\"},\"datePublished\":\"2019-12-18T18:32:34+00:00\",\"dateModified\":\"2020-10-27T10:43:15+00:00\",\"breadcrumb\":{\"@id\":\"http:\/\/c2gconcept.com\/index.php\/wsp-20\/#breadcrumb\"},\"inLanguage\":\"en-US\",\"potentialAction\":[{\"@type\":\"ReadAction\",\"target\":[\"http:\/\/c2gconcept.com\/index.php\/wsp-20\/\"]}]},{\"@type\":\"BreadcrumbList\",\"@id\":\"http:\/\/c2gconcept.com\/index.php\/wsp-20\/#breadcrumb\",\"itemListElement\":[{\"@type\":\"ListItem\",\"position\":1,\"name\":\"Accueil\",\"item\":\"https:\/\/c2gconcept.com\/\"},{\"@type\":\"ListItem\",\"position\":2,\"name\":\"WSP20\"}]},{\"@type\":\"WebSite\",\"@id\":\"https:\/\/c2gconcept.com\/#website\",\"url\":\"https:\/\/c2gconcept.com\/\",\"name\":\"C2GConcept.com\",\"description\":\"\",\"publisher\":{\"@id\":\"https:\/\/c2gconcept.com\/#organization\"},\"potentialAction\":[{\"@type\":\"SearchAction\",\"target\":{\"@type\":\"EntryPoint\",\"urlTemplate\":\"https:\/\/c2gconcept.com\/?s={search_term_string}\"},\"query-input\":\"required name=search_term_string\"}],\"inLanguage\":\"en-US\"},{\"@type\":\"Organization\",\"@id\":\"https:\/\/c2gconcept.com\/#organization\",\"name\":\"C2Gconcept\",\"url\":\"https:\/\/c2gconcept.com\/\",\"logo\":{\"@type\":\"ImageObject\",\"inLanguage\":\"en-US\",\"@id\":\"https:\/\/c2gconcept.com\/#\/schema\/logo\/image\/\",\"url\":\"https:\/\/c2gconcept.com\/wp-content\/uploads\/2020\/10\/cropped-Logo-DFE-scaled-1.jpg\",\"contentUrl\":\"https:\/\/c2gconcept.com\/wp-content\/uploads\/2020\/10\/cropped-Logo-DFE-scaled-1.jpg\",\"width\":2560,\"height\":1396,\"caption\":\"C2Gconcept\"},\"image\":{\"@id\":\"https:\/\/c2gconcept.com\/#\/schema\/logo\/image\/\"},\"sameAs\":[\"https:\/\/www.facebook.com\/c2gconcept\/\"]}]}<\/script>\n<!-- \/ Yoast SEO plugin. -->","yoast_head_json":{"title":"WSP20 -","robots":{"index":"index","follow":"follow","max-snippet":"max-snippet:-1","max-image-preview":"max-image-preview:large","max-video-preview":"max-video-preview:-1"},"canonical":"http:\/\/c2gconcept.com\/index.php\/wsp-20\/","og_locale":"en_US","og_type":"article","og_title":"WSP20 -","og_description":"Working Space 20&nbsp; Confortable espace de travail, avec une immense fen\u00eatre coulissante.&nbsp;Vous pouvez y travailler, recevoir vos clients ou organiser vos r\u00e9unions.&nbsp;O\u00f9 vous voulez.&nbsp;La seule limite est votre imagination \u2026 WSP20 est une surface de travail pr\u00e9fabriqu\u00e9e et fournie \u00ab cl\u00e9 sur porte \u00bb. C\u2019est \u00e0 dire comprenant: Des sanitaires compos\u00e9 d\u2019un lavabo, un WCContinue reading \"WSP20\"","og_url":"http:\/\/c2gconcept.com\/index.php\/wsp-20\/","article_publisher":"https:\/\/www.facebook.com\/c2gconcept\/","article_modified_time":"2020-10-27T10:43:15+00:00","og_image":[{"url":"http:\/\/c2gconcept.com\/wp-content\/uploads\/2020\/10\/OFFICE-WOOD-OPTON-WITH-LOGO-1024x576.png"}],"twitter_card":"summary_large_image","twitter_misc":{"Est. reading time":"1 minute"},"schema":{"@context":"https:\/\/schema.org","@graph":[{"@type":"WebPage","@id":"http:\/\/c2gconcept.com\/index.php\/wsp-20\/","url":"http:\/\/c2gconcept.com\/index.php\/wsp-20\/","name":"WSP20 -","isPartOf":{"@id":"https:\/\/c2gconcept.com\/#website"},"datePublished":"2019-12-18T18:32:34+00:00","dateModified":"2020-10-27T10:43:15+00:00","breadcrumb":{"@id":"http:\/\/c2gconcept.com\/index.php\/wsp-20\/#breadcrumb"},"inLanguage":"en-US","potentialAction":[{"@type":"ReadAction","target":["http:\/\/c2gconcept.com\/index.php\/wsp-20\/"]}]},{"@type":"BreadcrumbList","@id":"http:\/\/c2gconcept.com\/index.php\/wsp-20\/#breadcrumb","itemListElement":[{"@type":"ListItem","position":1,"name":"Accueil","item":"https:\/\/c2gconcept.com\/"},{"@type":"ListItem","position":2,"name":"WSP20"}]},{"@type":"WebSite","@id":"https:\/\/c2gconcept.com\/#website","url":"https:\/\/c2gconcept.com\/","name":"C2GConcept.com","description":"","publisher":{"@id":"https:\/\/c2gconcept.com\/#organization"},"potentialAction":[{"@type":"SearchAction","target":{"@type":"EntryPoint","urlTemplate":"https:\/\/c2gconcept.com\/?s={search_term_string}"},"query-input":"required name=search_term_string"}],"inLanguage":"en-US"},{"@type":"Organization","@id":"https:\/\/c2gconcept.com\/#organization","name":"C2Gconcept","url":"https:\/\/c2gconcept.com\/","logo":{"@type":"ImageObject","inLanguage":"en-US","@id":"https:\/\/c2gconcept.com\/#\/schema\/logo\/image\/","url":"https:\/\/c2gconcept.com\/wp-content\/uploads\/2020\/10\/cropped-Logo-DFE-scaled-1.jpg","contentUrl":"https:\/\/c2gconcept.com\/wp-content\/uploads\/2020\/10\/cropped-Logo-DFE-scaled-1.jpg","width":2560,"height":1396,"caption":"C2Gconcept"},"image":{"@id":"https:\/\/c2gconcept.com\/#\/schema\/logo\/image\/"},"sameAs":["https:\/\/www.facebook.com\/c2gconcept\/"]}]}},"_links":{"self":[{"href":"https:\/\/c2gconcept.com\/index.php\/wp-json\/wp\/v2\/pages\/72"}],"collection":[{"href":"https:\/\/c2gconcept.com\/index.php\/wp-json\/wp\/v2\/pages"}],"about":[{"href":"https:\/\/c2gconcept.com\/index.php\/wp-json\/wp\/v2\/types\/page"}],"author":[{"embeddable":true,"href":"https:\/\/c2gconcept.com\/index.php\/wp-json\/wp\/v2\/users\/2"}],"replies":[{"embeddable":true,"href":"https:\/\/c2gconcept.com\/index.php\/wp-json\/wp\/v2\/comments?post=72"}],"version-history":[{"count":8,"href":"https:\/\/c2gconcept.com\/index.php\/wp-json\/wp\/v2\/pages\/72\/revisions"}],"predecessor-version":[{"id":4457,"href":"https:\/\/c2gconcept.com\/index.php\/wp-json\/wp\/v2\/pages\/72\/revisions\/4457"}],"wp:attachment":[{"href":"https:\/\/c2gconcept.com\/index.php\/wp-json\/wp\/v2\/media?parent=72"}],"curies":[{"name":"wp","href":"https:\/\/api.w.org\/{rel}","templated":true}]}}